*i - 10. Determine l(5).
10
Let r(g) = g + 19. What is r(-8)?
11
Let b(x) = 5*x**3 + x**2 + 2*x. Calculate b(-2).
-40
Let r(z) = -z**3 + 19*z - 24. Determine r(4).
-12
Let g(b) = 2*b**2 + 30*b + 15. Determine g(-15).
15
Let x(i) = -8*i**2 + i. Determine x(2).
-30
Let z(w) = -w**2 - 7*w - 3. What is z(-5)?
7
Let k(i) = i**2 - 38. What is k(0)?
-38
Let h(j) = -j**2 - 4*j - 167. What is h(0)?
-167
Let h(i) = -i**3 - 27*i**2 + 238*i + 6. Calculate h(-34).
6
Let h(k) = -3*k**2 + 5*k - 6. Give h(4).
-34
Let f(a) = a - 22. Calculate f(13).
-9
Let j(g) = 2*g - 11. What is j(9)?
7
Let g(m) = 5*m - 1. Calculate g(1).
4
Let o(f) = -f**2 - 13*f - 13. Determine o(-12).
-1
Let k(h) = h**3 - 6*h**2 + h + 17. What is k(5)?
-3
Let u(o) = -7*o - 28. Give u(-5).
7
Let s(m) = -8*m + 109. Give s(13).
5
Let h(l) = 2*l**2 + 15*l - 12. Determine h(-11).
65
Let f(p) = -20*p**2 + p + 2. Give f(2).
-76
Let x(l) = 15*l + 2. Determine x(-4).
-58
Let g(u) = 46*u + 88. What is g(-2)?
-4
Let b(x) = -4*x - 234. Give b(-62).
14
Let x(d) = -14*d + 9. Give x(-5).
79
Let m(v) = v**2 - 9*v - 19. Give m(10).
-9
Let n(z) = -4*z + 5. Determine n(-5).
25
Let m(p) = -3*p**3 - 4*p**2 + 4*p - 2. Determine m(2).
-34
Let z(a) = -a**2 - 29*a - 208. What is z(-19)?
-18
Let r(m) = 6*m + 17. Calculate r(0).
17
Let o(s) = -s**3 + 8*s**2 - 2. Give o(8).
-2
Let v(q) = -60*q**2 - 3*q + 2. Give v(1).
-61
Let u(b) = b - 3. Determine u(0).
-3
Let p(s) = s**3 - 10*s**2 - 10*s - 16. Determine p(11).
-5
Let k(a) = 3*a**2 - a + 58. Give k(0).
58
Let m(l) = l**2 - 8*l - 5. Give m(7).
-12
Let u(n) = n**3 - 2*n**2 + 4*n - 2. Determine u(2).
6
Let c(h) = -2*h + 3. Give c(2).
-1
Let v(c) = -c**3 - 4*c**2 + 2*c + 2. What is v(-4)?
-6
Let l(z) = -z**2 + 5*z + 7. Calculate l(7).
-7
Let t(g) = -g**3 + 3*g**2 + 14*g - 2. What is t(6)?
-26
Let k(y) = y - 1. Determine k(-9).
-10
Let p(t) = -10*t**2 - 37*t - 2. Give p(-4).
-14
Let v(o) = -o**2 - o - 32. What is v(0)?
-32
Let v(q) = -q**2 + 10*q - 19. Give v(9).
-10
Let t(j) = 4*j**2 - 6*j + 1. What is t(5)?
71
Let g(x) = x**2 + 2*x + 2. Calculate g(-4).
10
Let o(p) = -p**3 + 5*p**2 + 4*p + 11. Give o(6).
-1
Let y(k) = 2*k - 8. What is y(6)?
4
Let n(w) = -w + 6. Give n(8).
-2
Let k(w) = w**2 + 11*w - 51. Give k(0).
-51
Let r(q) = -2*q. Give r(-2).
4
Let w(y) = 2*y + 29. Give w(23).
75
Let v(x) = -9*x - 13. What is v(-3)?
14
Let k(n) = -16*n + 351. Calculate k(22).
-1
Let o(n) = -73*n + 3. What is o(1)?
-70
Let y(w) = 6*w - 25. What is y(6)?
11
Let f(i) = i**3 - 16*i**2 + i - 15. Determine f(16).
1
Let r(q) = q**2 + 17*q - 13. What is r(-18)?
5
Let u(j) = 9*j - 152. Give u(17).
1
Let f(w) = -6*w - 7. Calculate f(-4).
17
Let d(m) = -m**2 - 8*m + 2. Calculate d(-9).
-7
Let m(h) = 5*h - 134. Calculate m(27).
1
Let w(n) = 2*n**3 + 6*n**2 + 2*n + 3. Give w(-5).
-107
Let r(a) = a**3 + 28*a**2 - 92*a + 29. Determine r(-31).
-2
Let f(y) = 12*y + 114. Determine f(-9).
6
Let w(s) = s**3 - 6*s**2 + 10*s - 6. Give w(3).
-3
Let d(x) = -x**3 - 13*x**2 + 8*x + 107. Calculate d(-13).
3
Let j(s) = -3*s + 9. Determine j(7).
-12
Let n(h) = -4*h + 33. Determine n(7).
5
Let s(z) = 11*z - 45. Determine s(4).
-1
Let k(g) = 32*g + 135. Determine k(-5).
-25
Let n(q) = q**3 + 15*q**2 - q + 11. Give n(-15).
26
Let j(r) = r**2 - 16*r + 40. Determine j(13).
1
Let b(t) = -t**2 + 17*t - 24. Give b(16).
-8
Let d(b) = 11*b - 33. Give d(10).
77
Let q(d) = -8*d - 94. Give q(-12).
2
Let a(l) = 8*l**2 - 62*l + 2. What is a(8)?
18
Let s(a) = -a**3 + 4*a**2 + 4*a + 16. Determine s(5).
11
Let n(p) = -p**2 + 21*p + 69. Calculate n(23).
23
Let i(j) = -j**3 + 4*j**2 - j - 2. What is i(0)?
-2
Let r(h) = h**3 + 11*h**2 - 18*h + 12. What is r(-13)?
-92
Let b(k) = k**2 - 19*k + 8. Determine b(18).
-10
Let g(h) = -h**2 + 3*h - 1. Give g(3).
-1
Let f(j) = 14*j + 6. Give f(-2).
-22
Let r(t) = 5*t + 11. What is r(-4)?
-9
Let l(k) = -k**2 - 5*k + 12. Calculate l(5).
-38
Let k(t) = 10*t**3 + t**2 - 7*t + 10. What is k(2)?
80
Let q(h) = -h**3 + 3*h**2 + 5*h + 2. What is q(4)?
6
Let m(p) = -p**2 + 51*p - 594. Give m(18).
0
Let g(v) = -3*v - 10. Give g(-5).
5
Let z(h) = -5*h - 9. What is z(-6)?
21
Let s(z) = z**3 - 26*z**2 + 26*z - 30. What is s(25)?
-5
Let y(z) = -4*z**2 + 23*z - 14. Determine y(4).
14
Let d(t) = t**2 - 5*t + 11. Calculate d(6).
17
Let d(z) = z**2 + 3*z - 15. Determine d(-8).
25
Let m(s) = s + 1. Calculate m(1).
2
Let l(o) = -3*o**2 + 2. Calculate l(2).
-10
Let d(c) = -23*c. What is d(-1)?
23
Let o(s) = 6*s + 21. Give o(-11).
-45
Let j(w) = w**2 + 20*w + 43. What is j(-16)?
-21
Let l(b) = b**3 - 43*b**2 + 80*b + 88. Give l(41).
6
Let f(b) = -b**3 - 19*b - 6. What is f(0)?
-6
Let x(o) = 4*o**2 - 63*o + 21. Give x(16).
37
Let v(k) = 4*k**2 + 3*k. Calculate v(-2).
10
Let y(x) = x**3 - 7*x**2 + 8*x + 15. Determine y(7).
71
Let m(a) = -a**2 - 17*a + 4. Determine m(-23).
-134
Let u(s) = s**3 + 9*s**2 - 13*s - 33. Give u(-10).
-3
Let j(p) = p**3 + 5*p**2 - 7*p - 23. Give j(-6).
-17
Let o(k) = -k**2 - 36*k - 95. Determine o(-33).
4
Let g(x) = 6*x. Determine g(3).
18
Let y(g) = -g**3 + 10*g**2 - 6*g - 27. Give y(9).
0
Let j(d) = d**3 + 4*d**2 - 4*d + 6. Give j(-5).
1
Let c(u) = u**3 + 6*u**2 + 10*u + 13. What is c(-5)?
-12
Let u(m) = m**2 + 22*m - 4. Give u(-22).
-4
Let l(z) = z**3 - z**2 - 8*z + 2. Calculate l(0).
2
Let j(i) = -i**2 - 17*i - 64. What is j(-10)?
6
Let w(p) = p - 19. Give w(16).
-3
Let o(q) = -53*q - 112. Give o(-2).
-6
Let i(o) = -16*o - 30. Calculate i(-3).
18
Let z(j) = j**3 - 3*j**2 - 8*j + 9. Calculate z(4).
-7
Let t(o) = -o**3 + 3*o**2 - 2*o - 3. Calculate t(3).
-9
Let s(j) = j**2 + 11*j + 19. Calculate s(-9).
1
Let t(s) = -s**2 + 11*s + 3. What is t(12)?
-9
Let b(h) = h**3 - 2*h**2 - h + 1. Calculate b(0).
1
Let o(c) = c**3 + 17*c**2 + 17*c + 10. Give o(-16).
-6
Let t(j) = 3*j. Determine t(5).
15
Let c(i) = -i**3 + 11*i**2 - 10*i - 13. Calculate c(9).
59
Let b(k) = -31*k - 285. Determine b(-9).
-6
Let q(i) = -i - 7. What is q(5)?
-12
Let z(k) = k**3 - 6*k**2 - 6*k - 22. Determine z(7).
-15
Let r(h) = h**2 - 3*h + 4. Calculate r(8).
44
Let d(j) = -14*j + 80. Give d(5).
10
Let k(b) = 2*b**3 - 7*b**2 + 9*b. Calculate k(3).
18
Let b(g) = -g**2 - 4*g - 13. What is b(-4)?
-13
Let s(f) = f**3 + 3*f**2 - 4*f + 5. Calculate s(-4).
5
Let h(o) = 7*o + 29. What is h(-4)?
1
Let v(t) = -t**2 - t + 8. Determine v(-6).
-22
Let w(y) = -y**3 - 3*y**2 + 5*y + 2. Calculate w(-4).
-2
Let q(j) = -55*j - 152. What is q(-3)?
13
Let o(g) = g**2 - 14*g - 406. What is o(-14)?
-14
Let u(s) = 6*s + 43. Give u(-8).
-5
Let w(h) = -h**3 - h**2 + 3*h - 41. Give w(-4).
-5
Let p(c) = -c**2 - 23*c - 38. Determine p(-21).
4
Let i(t) = t**3 - 4*t**2 - t + 2. What is i(3)?
-10
Let n(g) = g**3 - 15*g**2 + 11*g + 41. Calculate n(14).
-1
Let s(a) = -6*a**2 - 4*a. What is s(-3)?
-42
Let o(q) = 28*q + 8. Calculate o(-4).
-104
Let o(y) = 20*y - 140. What is o(7)?
0
Let q(g) = -2*g**2 - 20*g + 241. Determine q(-17).
3
Let t(l) = -l**3 - 12*l**2 + 11*l + 134. Calculate t(-12).
2
Let h(f) = 65*f**3 - 2*f**2 + 1. Determine h(1).
64
Let u(v) = -v**2 - 20*v + 16. Give u(-16).
80
Let n(j) = j**3 + 9*j**2 - 20*j + 24. Give n(-11).
2
Let b(t) = 6*t - 10. Determine b(7).
32
Let j(n) = 22*n. Give j(3).
66
Let f(z) = -12*z - 258. What is f(-22)?
6
Let v(x) = x**2 - 23*x + 35. Determine v(20).
-25
Let c(s) = s**3 - 14*s**2 - s + 5. Calculate c(14).
-9
Let f(a) = -a**3 - 6*a**2 - 3*a - 13. Give f(-5).
-23
Let v(x) = -x**3 - 8*x**2 - 12*x - 17. Calculate v(-7).
18
Let p(k) = -k**2 + 11*k - 6. Determine p(4).
22
Let f(o) = 3*o**2 - 10*o - 41. What is f(5)?
-16
Let g(z) = z. Calculate g(-6).
-6
Let z(c) = -c**2 - 6*c - 12. Determine z(-2).
-4
Let o(q) = 5*q**2 + 128*q - 58. Determine o(-26).
-6
Let m(p) = p**3 - p**2 - 9*p + 6. Give m(5).
61
Let y(g) = g**2 - 10*g + 11. Give y(8).
-5
Let s(i) = i**2 - 7*i + 3. Calculate s(6).
-3
Let n(s) = s**2 - 12*s - 103. Determine n(-6).
5
Let y(q) = -44*q**3 - q**2. Calculate y(-1).
43
Let f(a) = -a**3 + a**2 - 7. Give f(0).
-7
Let l(d) = d**3 - 40*d**2 - 7*d + 282. What is l(40)?
2
Let u(c) = c**3 - 8*c**2 - 13*c + 30. Give u(9).
-6
Let b(k) = -14*k**2 + 125*k + 5. Calculate b(9).
-4
Let m(j) = 6*j + 155. Determine m(-25).
5
Let n(m) = 18*m - 50. Determine n(3).
4
Let g(f) = 2*f**2 + 2*f + 31. What is g(0)?
3